 x be o(-8). Suppose 14 + 1 = x*m. Let t = m + 0. What is the units digit of t?
3
Suppose 4*b + 24 = i - 3*i, 2*i = -b - 15. Let q = 0 - i. Suppose 0 = 2*w - q. What is the units digit of w?
3
What is the units digit of 6/(-4)*(-640)/15?
4
Suppose -4*p + 5*c = -30, -13 = -2*p + c - 1. Suppose -2*r + 56 = 4*q, -r = p*q - 27 - 40. What is the tens digit of q?
1
Let l = -31 + 33. What is the units digit of l?
2
Suppose 4*j - 9 - 11 = 0. Let l = 4 + j. What is the units digit of l?
9
Let c(z) = 2*z + 6. Let a be c(-2). Suppose -2*s - 2*t + 20 = 2*s, -a*s + t = -2. What is the units digit of s?
3
Suppose 3*f - 78 = k, -f + 2*f + k - 26 = 0. What is the tens digit of f?
2
Suppose -2*n + 1 = -3. Suppose n - 30 = -2*i. What is the units digit of i?
4
Suppose 4*o + 8 = -0*o. Let m = 11 - o. Suppose 0 = 4*l - 5*l + m. What is the units digit of l?
3
Let o(r) = r**3 - 11*r**2 + 10*r + 12. What is the hundreds digit of o(11)?
1
Suppose 3 = 2*m + 5. Let u(i) = -i**2 - 2*i**3 - 4*i**3 - 13*i + 12*i. What is the units digit of u(m)?
6
Suppose 4 = -q + 3. Let p(a) = a**2 + 7*a + 9. Let n be p(-6). Let w = q + n. What is the units digit of w?
2
Suppose 6*x - 525 = -27. What is the units digit of x?
3
Suppose 0 = -2*d - 0*d. Let u(z) = z**2 + 4. Let l be u(d). What is the units digit of 6/10 - l/(-10)?
1
Let o = -118 + 276. What is the hundreds digit of o?
1
Let n(q) = -q**3 - 3*q. What is the tens digit of n(-6)?
3
Let o be (-2)/4 + 15/2. Let n = o + -1. Suppose -2*x - n = -s - 0, -9 = -2*s + x. What is the units digit of s?
4
What is the tens digit of ((-36)/(-8) - 1)*22?
7
What is the units digit of 56 + (0 + -3)/(-3)?
7
Let a(b) = b**2 + 3*b + 3. Let p be a(-3). Suppose 0*u + 4 = 5*v - p*u, 0 = u + 3. Let f = 0 - v. What is the units digit of f?
1
Let k = 8 - 6. What is the tens digit of 80/6 + k/(-6)?
1
Let x = 4 + -1. Let b be 136/4*(-1)/(-2). Suppose -x*q + b + 16 = 0. What is the tens digit of q?
1
Let t(x) = -2*x + 4. Let j be t(-6). Suppose 5*g - 101 = -j. What is the tens digit of g?
1
Suppose 4*s - 38 - 7 = -3*y, -2*s = -y + 5. Let n = -5 + y. What is the units digit of n?
6
What is the units digit of (3 - -6)*(0 - -1)?
9
Let s(r) = r**3 + 3*r**2 + r + 1. Let v be s(-2). Suppose v*q + 3*m = 78, -3*q - m = 4*m - 88. What is the units digit of q?
1
Let o(f) be the second derivative of 2*f**3/3 - f**2/2 + 5*f. What is the units digit of o(4)?
5
What is the units digit of (4 + 0 + 55)/1?
9
Let z(m) = 25*m + 2. What is the hundreds digit of z(5)?
1
Suppose 43*y - 2574 = 34*y. What is the hundreds digit of y?
2
What is the tens digit of ((-28)/42)/(4576/(-2286) + 2)?
8
Let v = -10 + 9. Let d = 4 + v. What is the units digit of (0 - 2)/(d/(-12))?
8
Suppose 4 - 3 = l. Let q(t) = 2*t**2 + 2*t**2 - t**2 + 0*t**2. What is the units digit of q(l)?
3
Suppose v + 2 = n - 3, 4*v + n + 40 = 0. Let y(a) = a**3 + 10*a**2 + 3*a - 13. What is the units digit of y(v)?
1
Let i be (-414)/27 - 2/(-6). Let a = -14 - i. What is the units digit of a?
1
What is the hundreds digit of 4/24*249*4?
1
Suppose -6*t = -t - 25. What is the units digit of t?
5
Suppose -f = -3*f - 16. Let g = 13 + f. What is the units digit of g?
5
Suppose 115 = -6*l + 11*l. What is the tens digit of l?
2
Let y = -21 - -222. What is the hundreds digit of y?
2
Suppose 9*p = -2*o + 6*p + 392, 0 = o - p - 201. What is the tens digit of o?
9
Suppose -1 + 70 = 3*m. What is the units digit of m?
3
What is the tens digit of ((-34)/(-8))/((-2)/(-16))?
3
Suppose 0 = 4*h - 2*h + 22. Let x = h - -42. What is the units digit of x?
1
Let p(z) = 5 + z + 3 - 7. Let f = 5 + -3. What is the units digit of p(f)?
3
Suppose -15 = -3*n + 219. Suppose 5*f - n + 18 = 0. What is the units digit of f?
2
Suppose -5*x + 5*i - 2 = -2*x, -3*i + 3 = 0. What is the tens digit of (4/(-8) + x)*38?
1
Let d(a) = -19*a - 13. Let g(x) = 3*x + 2. Let j(o) = 6*d(o) + 39*g(o). What is the tens digit of j(4)?
1
Let q = -373 - -559. What is the hundreds digit of q?
1
Let s be 2 + 1 + 100 + 1. Suppose -39 + s = 5*b. Let o = -8 + b. What is the units digit of o?
5
Suppose 37 = -3*m + 4*m + n, -5*m + 2*n = -178. Suppose 0 = 2*k - 44 - m. Suppose 3*x + 2*x - k = 0. What is the units digit of x?
8
Let r(o) be the second derivative of o**3/6 + o**2 + 2*o. What is the units digit of r(8)?
0
What is the tens digit of (7362/(-14))/(-3) + 4/(-14)?
7
Let x(n) = n**3 + 9*n**2 + 10*n + 10. Let i be x(-8). Let l be (3/4)/((-1)/4). What is the units digit of l*1/i*38?
9
Let f(b) = -b**3 - b**2 + 5*b + 3. Let d be f(-3). Suppose 3*z + 9 = 2*z - 4*r, 5*r + d = -3*z. What is the units digit of z?
3
Let z = -7 - -13. Suppose 0 = z*o - 3*o - 27. What is the units digit of o?
9
Suppose -2*c - 7 = 5*w + 7, 0 = -2*w - c - 6. Let y = 7 - 8. What is the units digit of (y - w)*(-12)/(-3)?
4
Let d(x) = -x + 8. Let m be d(9). What is the units digit of m*(1 + -2) - -1?
2
Suppose -4*v - 4*d + 16 = 0, -18 = -2*v - 2*v - 5*d. Let a(m) = m + 10. Let o be a(-8). Suppose -4 = -o*p, -v*p - 15 + 71 = 4*j. What is the tens digit of j?
1
Let q(d) = 3*d + 1. Let n be q(2). Suppose 0 = 5*t - 8 - n. Suppose t*w - 1 = 4*r - 6, 2*w - 5*r = -8. What is the units digit of w?
1
Suppose -4*f + 0*f + 20 = 0. Suppose -7 = -f*h + 63. What is the units digit of h?
4
Let g = 5 - 3. Let b(f) = 5*f**g - 2*f**2 - 3*f + f + 1. What is the units digit of b(1)?
2
Let t(n) = 2*n**2 - 5*n + 5. Let p = -14 - -16. What is the units digit of t(p)?
3
Let b be ((-2)/(-2) - 1)/(-1). Let i = 32 + -22. Let a = b + i. What is the tens digit of a?
1
Let g = 8 - 7. Let v(j) = 9*j**2 + 2*j - 1. What is the units digit of v(g)?
0
Let c(r) = 21*r**2 - r. Let u be ((-15)/6 - -3)*-2. What is the tens digit of c(u)?
2
Let a = 76 - 41. What is the tens digit of a?
3
Suppose 0 = 3*p - 15, 3*p - 8*p = -q - 21. Suppose 4*n - 111 = -5*m, 0 = -q*m - 2*n + 25 + 65. What is the tens digit of m?
2
Let q = 43 - 23. What is the units digit of q?
0
Suppose -5*u = -34 - 26. Suppose -5*y + 2*y = -u. What is the units digit of y?
4
Suppose -n = -5*l + 5, -2*n + 23 = -4*l + 5*l. Suppose -2*p = -p - n. What is the tens digit of p?
1
Suppose 0*k + 2*k - 30 = 0. What is the units digit of k?
5
Let s be (3*-2)/(3/24). Let v be s/(-10) - (-2)/10. Suppose -v*t + 50 = -0*t. What is the tens digit of t?
1
Let r(f) be the second derivative of -f**4/12 - f**3 + f. What is the units digit of r(-5)?
5
Let b(j) = 33*j - 9. What is the tens digit of b(3)?
9
Suppose 0 = -m + 1 + 1. What is the units digit of ((-1)/2)/(m/(-68))?
7
Let l(p) be the first derivative of -p**3/3 + 11*p + 2. What is the units digit of l(0)?
1
Let p = -89 - -153. Suppose -4*v = -6*v + p. What is the units digit of v?
2
Let y be 6/(-9) + (-85)/3. Let f be 4/12 - y/3. Suppose 2*d - 24 = -2*k + 4, -3*d + 5*k = -f. What is the units digit of d?
0
Let k(d) = 3*d**2 + 9*d - 3. Let x(m) = 7*m**2 + 19*m - 7. Let h(v) = -5*k(v) + 2*x(v). What is the tens digit of h(-3)?
1
Let t(h) = -23*h**3 - h. Let q be t(-1). Suppose -4*c + q = -c. What is the units digit of c?
8
Let p(b) = b + 1. Let i be p(-1). Suppose -4*d - 6 + 26 = i. What is the units digit of d?
5
Suppose 0 = 5*a - 2*a - 87. Let x = a + -4. What is the units digit of x?
5
Let c be (4/(-6))/((-10)/45). Suppose 2*w = -c*w + 50. What is the units digit of (1*-3)/((-6)/w)?
5
Suppose 3*p - 195 = -5*c - 71, 3*p - 98 = -4*c. What is the tens digit of c?
2
Suppose -2*x + f = -54, 2*x - 145 = -3*x + 5*f. What is the tens digit of x?
2
Let a(z) = -2*z. Let m be a(-6). Let f be m/4*80/3. Suppose -5*y + f = 5*i - 0*i, 4*i = y + 39. What is the tens digit of i?
1
Let w(t) = t**3 - t**2. Let c(k) = -3*k**2 - 9*k + k**2 + 3*k**2 + 3. Let r be c(9). What is the tens digit of w(r)?
1
Suppose -2*w + 3*w + 2 = 0. Let z(l) = -l**2 - 5*l - 2. What is the units digit of z(w)?
4
Suppose -x + y + 194 = 4*x, -4*y = -3*x + 113. Let j = -12 + x. What is the tens digit of j?
2
Let s be 6/12 - (-3)/2. Let r(v) = 4*v**2 - v. What is the tens digit of r(s)?
1
Let u(z) be the second derivative of -z**3/6 + 3*z**2/2 - 2*z. Let y be u(7). What is the units digit of y*(6/(-2))/6?
2
Let v(g) = -g**3 - 7*g**2 + 2. Let z = 11 - 18. What is the units digit of v(z)?
2
Let p(w) = -2*w - 1. Let a = -14 - -7. What is the tens digit of p(a)?
1
Let q = 18 + -2. W